*y = -5 - 10. Suppose -72*r = -80*r + 24. What are the prime factors of (-13)/f - (r + -2)?
2, 3
Let v(w) = w**3 + 80*w**2 + 237*w - 245. What are the prime factors of v(-76)?
37, 131
Let w = 4 - 2. Suppose -10 - 38 = w*o. Let q = o - -59. List the prime factors of q.
5, 7
Let m be (28/10)/((-2)/(-5)). Suppose 2*t = -m*t + 549. List the prime factors of t.
61
Suppose u - 6*c = -c + 694, -1433 = -2*u - 5*c. List the prime factors of u.
709
Let j(h) = -h**3 - 14*h**2 + 13*h + 48. What are the prime factors of j(-17)?
2, 347
What are the prime factors of 825075/665 - (-4)/14?
17, 73
Let l = -99 + 488. Suppose -10*h - l = -1779. What are the prime factors of h?
139
Let r(a) be the first derivative of -a**3/3 + 9*a**2 - 14*a + 11. List the prime factors of r(12).
2, 29
Suppose r - 4574 = -r - 2*t, -5*r + 4*t + 11462 = 0. List the prime factors of r.
2, 5, 229
Suppose -42*b - 4975 = -47*b. List the prime factors of b.
5, 199
Let u(p) = -5*p - 1. Let m be u(-1). Suppose 0*w - m*w = -104. Let v = -9 + w. What are the prime factors of v?
17
List the prime factors of (3640/(-36))/(-13) + (-4)/(-18).
2
Let d = -26 + 34. Suppose 0 = -d*q + 428 + 36. What are the prime factors of q?
2, 29
Suppose -5*r = 7*r - 6000. List the prime factors of r.
2, 5
Let v = -184 + 501. What are the prime factors of v?
317
List the prime factors of (-75)/10*(422/(-6) + -1).
5, 107
Suppose 10*i = 3*i + 441. What are the prime factors of i?
3, 7
Suppose -u - v + 210 + 270 = 0, 3*v = u - 492. What are the prime factors of u?
3, 7, 23
Let q(g) = 7*g - 14. Let t(b) = -b**2 + 2*b. Let x be t(2). Suppose -4*c + 2*d - d + 29 = x, c - 5*d - 12 = 0. List the prime factors of q(c).
5, 7
Let h = -5 - -1. Suppose -2*a + 6 = -4*a, -3*v - 2*a = -27. Let s = h + v. What are the prime factors of s?
7
Suppose 150 = 5*l + 4*s, -8*l + 6*l = 5*s - 77. What are the prime factors of l?
2, 13
List the prime factors of (2 - -1 - -3060) + -24 + 20.
7, 19, 23
Let g(u) = 8*u**2 - 6*u + 75. What are the prime factors of g(8)?
7, 11
Let x(c) be the second derivative of c**3/2 + 13*c**2/2 - c. Suppose -64 - 8 = -8*d. List the prime factors of x(d).
2, 5
Suppose 6498 = 15*c - 2562. What are the prime factors of c?
2, 151
Suppose 2*y + 2*x = 82 + 674, 755 = 2*y + 3*x. Suppose -2*m = -5*g + 1186 + y, 3*m = -5*g + 1590. What are the prime factors of g?
3, 5, 7
Let s(x) = 208*x**2 + 23*x - 61. List the prime factors of s(4).
3359
What are the prime factors of (2175/(-50))/((-2)/16)?
2, 3, 29
Let o(l) = l**2 + 2*l - 1. Let n be o(-3). Let i be (-3)/n*(-22)/33. Let j(p) = 44*p - 2. List the prime factors of j(i).
2, 3, 7
Suppose 7*w = -19*w + 858. List the prime factors of w.
3, 11
Let m(r) = -r**2 - 5*r + 1. Let n be m(-6). Let s(q) = q**2 + 4*q + 2. What are the prime factors of s(n)?
7
What are the prime factors of (-32)/(-12) + -3 + 8499/9?
2, 59
Suppose 7*k - 4*k = 9. Suppose 0 = -11*p + 6*p + 60. Let y = p - k. What are the prime factors of y?
3
Let z(v) = 56*v - 44. What are the prime factors of z(5)?
2, 59
Let i be (-3 - -7)*(-51)/(-12). Let x = 25 - i. What are the prime factors of (-30)/x*4/(-1)?
3, 5
Let t(f) = -3*f**3 + 46*f**2 + 13*f + 51. List the prime factors of t(15).
3, 157
Suppose 2*t + 3*n - 8181 = 0, 4*t = n - 3*n + 16382. What are the prime factors of t?
2, 3, 683
Let s(q) = -3*q - 36 + 48 + 75 + 6*q. List the prime factors of s(0).
3, 29
Let n = 255 + -591. List the prime factors of ((-1)/2)/(2/n).
2, 3, 7
Let w(j) = 109*j + 6. List the prime factors of w(6).
2, 3, 5, 11
Suppose -154*d + 138*d = -24672. What are the prime factors of d?
2, 3, 257
Suppose 131 = 2*x - 321. Let a = -148 + x. Suppose 3*z - a = -0*z. List the prime factors of z.
2, 13
Let q be (0 - -1)*1*20. Suppose -5*v - 4*y + 37 = 0, 38 = -2*v + 3*y + 62. Suppose -v*g = -10*g + q. List the prime factors of g.
2, 5
What are the prime factors of (-21)/56 + (-86139)/(-72)?
2, 13, 23
Let l(i) = 8*i - 43. Let b(m) = -3*m + 14. Let g(o) = 11*b(o) + 4*l(o). Let k be g(6). List the prime factors of 36/8*k/(-9).
2, 3
Suppose a = -2*k + 2*a + 1401, 0 = 4*k + 3*a - 2797. List the prime factors of k.
2, 5, 7
Suppose 0*g - 14 = -7*g. Let t be g/(-9) + (-19732)/(-18). List the prime factors of 18/99 - t/(-22).
2, 5
Suppose 4*n - m - 1558 = 627, -3*m - 2726 = -5*n. List the prime factors of n.
547
Let k(p) = p**3 + 5*p**2 + 5*p + 6. Let c be k(-4). Suppose 3*r + 39 = -5*t - c, -5*r - 31 = 3*t. Let l = 0 - t. What are the prime factors of l?
7
Suppose 5*j - 40 = 3*j. Suppose n - 3*n = 2*p - 178, -5*p - j = 0. What are the prime factors of n?
3, 31
List the prime factors of ((-2858)/3)/(62/(-93)).
1429
Let b be 4/((-8)/(-30)) - 1. Let d(u) be the third derivative of u**5/60 - 11*u**4/24 - 5*u**3/2 - 38*u**2. List the prime factors of d(b).
3
Suppose -v + 5*v = 12. Let f(t) = -25*t - 21. Let m(o) = -36*o - 33. Let d(a) = -8*f(a) + 5*m(a). List the prime factors of d(v).
3, 7
Suppose 2*k - 4 = -p, 0*k - 8 = -3*k - 2*p. Suppose -u + 2*u - 16 = k. Suppose y + u = 3*y. What are the prime factors of y?
2
Let t(a) = a**2 - 17*a + 20. Let p be t(25). Suppose 0 = 2*w + 3*w - p. What are the prime factors of w?
2, 11
Suppose 2*p + 2*o = o - 1, -p = -o - 4. Suppose -2*t + p = -1. Let h(a) = 77*a**3 - a. What are the prime factors of h(t)?
2, 19
Let r(w) be the second derivative of w**4/12 + w**3/3 + 3*w**2/2 + 3*w. Let a(d) = d**2 + 9*d - 19. Let h be a(-11). What are the prime factors of r(h)?
2, 3
Let b(s) = s**3 - 14*s**2 + 16*s - 9. Let y be b(15). Suppose 0 = 6*w - 924 - y. What are the prime factors of w?
2, 5, 23
Let v(o) = -5*o + 29. Let f be v(6). What are the prime factors of (-402)/(-5) - ((-7)/(-5) + f)?
2, 5
Let n(b) = 3*b**2 - 5*b - 64. List the prime factors of n(-15).
2, 7
Suppose -3*c + 6*c - 5*o = -56, 0 = -o - 2. Let y = 44 + c. Let h = -14 + y. What are the prime factors of h?
2
Suppose -9*w - 4*f + 2224 = -5*w, 5*f = -4*w + 2229. List the prime factors of w.
19, 29
Let u(d) = -3*d**2 - d - 3 + 6 + 0*d**2 - 4*d**3. Let f be u(2). Let a = -4 - f. What are the prime factors of a?
3, 13
Let u = 37 - 97. Let g be (-13)/(-4) + (-45)/u. Suppose -2*j = 2*x - 50, -100 = x - 5*x + g*j. List the prime factors of x.
5
Let n(x) = -6*x**3 - 4*x**2 + 5*x + 3. Let p be n(-3). Suppose 2*y = 3*q - 178, 2*q - 2*y + 3*y = p. List the prime factors of q.
2, 29
Let m = 81 - -18. Suppose -m = 10*x - 299. What are the prime factors of x?
2, 5
Let v = 451 + -321. Suppose p + v = 6*p. Let n = p - 7. What are the prime factors of n?
19
What are the prime factors of (3430 - -4) + (-21)/(21/2)?
2, 3, 11, 13
Suppose 4*p - 4*t = 12, -p + 12 = 3*p - 3*t. Suppose p*y = -y + 328. List the prime factors of y.
2, 41
Let f(r) = 8*r**2 - 47*r + 36. List the prime factors of f(11).
487
Suppose -10*i = i - 33. What are the prime factors of 201 + (-6)/(0 + i)?
199
Let c = -247 - -593. List the prime factors of c.
2, 173
Suppose 0 = -w - 2, -4*c + 2*w + 1101 = 409. List the prime factors of c.
2, 43
What are the prime factors of (-8)/14*(-52983)/6?
2, 3, 29
Let y = 599 - -85. What are the prime factors of y?
2, 3, 19
Suppose r - 3*d + 21 = -0*r, -r = -d + 15. Let y be 436/24 - (-2)/r. Suppose 2*n = 5*n - y. What are the prime factors of n?
2, 3
Let w be (-2)/(-8) + (-655)/(-20). Suppose n + t + 3 = 0, 5*t = -2*n + 6*n - w. Let m(d) = 5*d - 2. List the prime factors of m(n).
2
Let y(k) = -6*k + 18. Let m be y(3). Suppose m = 4*v - 5*t - 753 - 498, -1569 = -5*v + t. What are the prime factors of v?
2, 157
Let q be 0/2 - (0 + 2). Let a(t) = 2*t**2 + t + 2. Let m be a(q). Let k(w) = w - 4. What are the prime factors of k(m)?
2
Suppose -2 - 2 = -v, -5*v - 44 = -4*y. Suppose 3*n - 18 = 2*z, -3*n + 4*n = 2. Let x = y + z. What are the prime factors of x?
2, 5
Let m(p) = -3*p**2 + p + 2. Suppose -2*y = -l - 4, 3*l - 18 = y - 5*y. Let z be m(l). What are the prime factors of (z/4 - 1) + 39?
2, 3
Let j = -3382 + 6532. Suppose 15*r = r + j. What are the prime factors of r?
3, 5
Suppose 3*d = q - 166, 2*d - 172 = 5*d + 2*q. Let o = d - -350. What are the prime factors of o?
2, 3, 7
Suppose -61*u + 63*u = 406. What are the prime factors of u?
7, 29
Let y(k) = -k**3 - 32*k**2 - 10*k - 277. List the prime factors of y(-33).
2, 571
Suppose -4*o - 14539 + 3797 = -5*g, -2*o + 8604 = 4*g